{"version":"1.0","provider_name":"Feria de Dos Hermanas","provider_url":"https:\/\/feria.rauldiaz.es","author_name":"admin","author_url":"https:\/\/feria.rauldiaz.es\/?author=1","title":"Inicio - Feria de Dos Hermanas","type":"rich","width":600,"height":338,"html":"<blockquote class=\"wp-embedded-content\" data-secret=\"xJEzNUTWGd\"><a href=\"https:\/\/feria.rauldiaz.es\/\">Inicio<\/a><\/blockquote><iframe sandbox=\"allow-scripts\" security=\"restricted\" src=\"https:\/\/feria.rauldiaz.es\/?embed=true#?secret=xJEzNUTWGd\" width=\"600\" height=\"338\" title=\"\u00abInicio\u00bb \u2014 Feria de Dos Hermanas\" data-secret=\"xJEzNUTWGd\" frameborder=\"0\" marginwidth=\"0\" marginheight=\"0\" scrolling=\"no\" class=\"wp-embedded-content\"><\/iframe><script>\n\/*! This file is auto-generated *\/\n!function(d,l){\"use strict\";l.querySelector&&d.addEventListener&&\"undefined\"!=typeof URL&&(d.wp=d.wp||{},d.wp.receiveEmbedMessage||(d.wp.receiveEmbedMessage=function(e){var t=e.data;if((t||t.secret||t.message||t.value)&&!\/[^a-zA-Z0-9]\/.test(t.secret)){for(var s,r,n,a=l.querySelectorAll('iframe[data-secret=\"'+t.secret+'\"]'),o=l.querySelectorAll('blockquote[data-secret=\"'+t.secret+'\"]'),c=new RegExp(\"^https?:$\",\"i\"),i=0;i<o.length;i++)o[i].style.display=\"none\";for(i=0;i<a.length;i++)s=a[i],e.source===s.contentWindow&&(s.removeAttribute(\"style\"),\"height\"===t.message?(1e3<(r=parseInt(t.value,10))?r=1e3:~~r<200&&(r=200),s.height=r):\"link\"===t.message&&(r=new URL(s.getAttribute(\"src\")),n=new URL(t.value),c.test(n.protocol))&&n.host===r.host&&l.activeElement===s&&(d.top.location.href=t.value))}},d.addEventListener(\"message\",d.wp.receiveEmbedMessage,!1),l.addEventListener(\"DOMContentLoaded\",function(){for(var e,t,s=l.querySelectorAll(\"iframe.wp-embedded-content\"),r=0;r<s.length;r++)(t=(e=s[r]).getAttribute(\"data-secret\"))||(t=Math.random().toString(36).substring(2,12),e.src+=\"#?secret=\"+t,e.setAttribute(\"data-secret\",t)),e.contentWindow.postMessage({message:\"ready\",secret:t},\"*\")},!1)))}(window,document);\n\/\/# sourceURL=https:\/\/feria.rauldiaz.es\/wp-includes\/js\/wp-embed.min.js\n<\/script>\n","description":"Ra\u00fal D\u00edaz\u00b7\u00b7\u00b7 Comunicaci\u00f3n \u00b7 Feria 2026 Cuenta atr\u00e1s \u00b7\u00b7 d\u00edas 01Estrategia y fases 02Calendario editorial 03Gu\u00eda de servicios 04Programa de actuaciones Secci\u00f3n 01 \u00b7 Planificaci\u00f3n Estrategia editorialy fases de cobertura Visi\u00f3n global de las acciones de comunicaci\u00f3n. Define el tono, los objetivos por fase y la distribuci\u00f3n del contenido para maximizar el impacto, fomentar el [&hellip;]"}

Raúl Díaz··· Comunicación · Feria 2026 Cuenta atrás ·· días 01Estrategia y fases 02Calendario editorial 03Guía de servicios 04Programa de actuaciones Sección 01 · Planificación Estrategia editorialy fases de cobertura Visión global de las acciones de comunicación. Define el tono, los objetivos por fase y la distribución del contenido para maximizar el impacto, fomentar el [&hellip;]
